{"id":3225,"date":"2026-02-04T13:25:22","date_gmt":"2026-02-04T12:25:22","guid":{"rendered":"https:\/\/www.vera-nature.com\/?post_type=product&#038;p=3225"},"modified":"2026-02-04T13:25:23","modified_gmt":"2026-02-04T12:25:23","slug":"gel-aloe-vera","status":"publish","type":"product","link":"https:\/\/www.vera-nature.com\/en\/product\/gel-aloe-vera\/","title":{"rendered":"Gel Aloe Vera"},"content":{"rendered":"<p>Ce gel d\u2019Aloe Vera est fabriqu\u00e9 de mani\u00e8re artisanale selon des m\u00e9thodes traditionnelles pour pr\u00e9server toutes ses propri\u00e9t\u00e9s naturelles. Il est formul\u00e9 pour soutenir les cheveux fragiles et limiter la chute. Sa richesse en nutriments naturels hydrate le cuir chevelu, fortifie les racines et stimule la croissance capillaire. Utilis\u00e9 r\u00e9guli\u00e8rement, il contribue \u00e0 des cheveux plus forts, plus sains et visiblement revitalis\u00e9s.<\/p>","protected":false},"excerpt":{"rendered":"<p>200 ml<\/p>\n<p>Ce gel d\u2019Aloe Vera, pr\u00e9par\u00e9 selon un savoir-faire traditionnel, est sp\u00e9cialement con\u00e7u pour renforcer les cheveux et r\u00e9duire leur chute. Il hydrate le cuir chevelu, fortifie les racines et stimule la croissance naturelle des cheveux.<\/p>","protected":false},"featured_media":3226,"template":"","meta":[],"product_brand":[],"product_cat":[66,65],"product_tag":[],"class_list":{"0":"post-3225","1":"product","2":"type-product","3":"status-publish","4":"has-post-thumbnail","6":"product_cat-soins-cheveux-naturels","7":"product_cat-soins-naturels-traditionnels-corps","9":"first","10":"instock","11":"shipping-taxable","12":"purchasable","13":"product-type-simple"},"yoast_head":"<!-- This site is optimized with the Yoast SEO plugin v27.0 - https:\/\/yoast.com\/product\/yoast-seo-wordpress\/ -->\n<title>Gel Aloe Vera - Vera nature<\/title>\n<meta name=\"robots\" content=\"index, follow, max-snippet:-1, max-image-preview:large, max-video-preview:-1\" \/>\n<link rel=\"canonical\" href=\"https:\/\/www.vera-nature.com\/en\/product\/gel-aloe-vera\/\" \/>\n<meta property=\"og:locale\" content=\"en_GB\" \/>\n<meta property=\"og:type\" content=\"article\" \/>\n<meta property=\"og:title\" content=\"Gel Aloe Vera - Vera nature\" \/>\n<meta property=\"og:description\" content=\"200 ml  Ce gel d\u2019Aloe Vera, pr\u00e9par\u00e9 selon un savoir-faire traditionnel, est sp\u00e9cialement con\u00e7u pour renforcer les cheveux et r\u00e9duire leur chute. Il hydrate le cuir chevelu, fortifie les racines et stimule la croissance naturelle des cheveux.\" \/>\n<meta property=\"og:url\" content=\"https:\/\/www.vera-nature.com\/en\/product\/gel-aloe-vera\/\" \/>\n<meta property=\"og:site_name\" content=\"Vera nature\" \/>\n<meta property=\"article:modified_time\" content=\"2026-02-04T12:25:23+00:00\" \/>\n<meta property=\"og:image\" content=\"https:\/\/www.vera-nature.com\/wp-content\/uploads\/2026\/02\/gel-aloe-vera-copie.webp\" \/>\n\t<meta property=\"og:image:width\" content=\"560\" \/>\n\t<meta property=\"og:image:height\" content=\"570\" \/>\n\t<meta property=\"og:image:type\" content=\"image\/webp\" \/>\n<meta name=\"twitter:card\" content=\"summary_large_image\" \/>\n<script type=\"application\/ld+json\" class=\"yoast-schema-graph\">{\"@context\":\"https:\/\/schema.org\",\"@graph\":[{\"@type\":\"WebPage\",\"@id\":\"https:\/\/www.vera-nature.com\/product\/gel-aloe-vera\/\",\"url\":\"https:\/\/www.vera-nature.com\/product\/gel-aloe-vera\/\",\"name\":\"Gel Aloe Vera - Vera nature\",\"isPartOf\":{\"@id\":\"https:\/\/www.vera-nature.com\/#website\"},\"primaryImageOfPage\":{\"@id\":\"https:\/\/www.vera-nature.com\/product\/gel-aloe-vera\/#primaryimage\"},\"image\":{\"@id\":\"https:\/\/www.vera-nature.com\/product\/gel-aloe-vera\/#primaryimage\"},\"thumbnailUrl\":\"https:\/\/www.vera-nature.com\/wp-content\/uploads\/2026\/02\/gel-aloe-vera-copie.webp\",\"datePublished\":\"2026-02-04T12:25:22+00:00\",\"dateModified\":\"2026-02-04T12:25:23+00:00\",\"breadcrumb\":{\"@id\":\"https:\/\/www.vera-nature.com\/product\/gel-aloe-vera\/#breadcrumb\"},\"inLanguage\":\"en-GB\",\"potentialAction\":[{\"@type\":\"ReadAction\",\"target\":[\"https:\/\/www.vera-nature.com\/product\/gel-aloe-vera\/\"]}]},{\"@type\":\"ImageObject\",\"inLanguage\":\"en-GB\",\"@id\":\"https:\/\/www.vera-nature.com\/product\/gel-aloe-vera\/#primaryimage\",\"url\":\"https:\/\/www.vera-nature.com\/wp-content\/uploads\/2026\/02\/gel-aloe-vera-copie.webp\",\"contentUrl\":\"https:\/\/www.vera-nature.com\/wp-content\/uploads\/2026\/02\/gel-aloe-vera-copie.webp\",\"width\":560,\"height\":570},{\"@type\":\"BreadcrumbList\",\"@id\":\"https:\/\/www.vera-nature.com\/product\/gel-aloe-vera\/#breadcrumb\",\"itemListElement\":[{\"@type\":\"ListItem\",\"position\":1,\"name\":\"Accueil\",\"item\":\"https:\/\/www.vera-nature.com\/\"},{\"@type\":\"ListItem\",\"position\":2,\"name\":\"Nos produits\",\"item\":\"https:\/\/www.vera-nature.com\/nos-produits\/\"},{\"@type\":\"ListItem\",\"position\":3,\"name\":\"Gel Aloe Vera\"}]},{\"@type\":\"WebSite\",\"@id\":\"https:\/\/www.vera-nature.com\/#website\",\"url\":\"https:\/\/www.vera-nature.com\/\",\"name\":\"Vera nature\",\"description\":\"\",\"publisher\":{\"@id\":\"https:\/\/www.vera-nature.com\/#organization\"},\"potentialAction\":[{\"@type\":\"SearchAction\",\"target\":{\"@type\":\"EntryPoint\",\"urlTemplate\":\"https:\/\/www.vera-nature.com\/?s={search_term_string}\"},\"query-input\":{\"@type\":\"PropertyValueSpecification\",\"valueRequired\":true,\"valueName\":\"search_term_string\"}}],\"inLanguage\":\"en-GB\"},{\"@type\":\"Organization\",\"@id\":\"https:\/\/www.vera-nature.com\/#organization\",\"name\":\"Vera nature\",\"url\":\"https:\/\/www.vera-nature.com\/\",\"logo\":{\"@type\":\"ImageObject\",\"inLanguage\":\"en-GB\",\"@id\":\"https:\/\/www.vera-nature.com\/#\/schema\/logo\/image\/\",\"url\":\"https:\/\/www.vera-nature.com\/wp-content\/uploads\/2023\/02\/logo_vernature.png\",\"contentUrl\":\"https:\/\/www.vera-nature.com\/wp-content\/uploads\/2023\/02\/logo_vernature.png\",\"width\":235,\"height\":88,\"caption\":\"Vera nature\"},\"image\":{\"@id\":\"https:\/\/www.vera-nature.com\/#\/schema\/logo\/image\/\"}}]}<\/script>\n<!-- \/ Yoast SEO plugin. -->","yoast_head_json":{"title":"Gel Aloe Vera - Vera nature","robots":{"index":"index","follow":"follow","max-snippet":"max-snippet:-1","max-image-preview":"max-image-preview:large","max-video-preview":"max-video-preview:-1"},"canonical":"https:\/\/www.vera-nature.com\/en\/product\/gel-aloe-vera\/","og_locale":"en_GB","og_type":"article","og_title":"Gel Aloe Vera - Vera nature","og_description":"200 ml  Ce gel d\u2019Aloe Vera, pr\u00e9par\u00e9 selon un savoir-faire traditionnel, est sp\u00e9cialement con\u00e7u pour renforcer les cheveux et r\u00e9duire leur chute. Il hydrate le cuir chevelu, fortifie les racines et stimule la croissance naturelle des cheveux.","og_url":"https:\/\/www.vera-nature.com\/en\/product\/gel-aloe-vera\/","og_site_name":"Vera nature","article_modified_time":"2026-02-04T12:25:23+00:00","og_image":[{"width":560,"height":570,"url":"https:\/\/www.vera-nature.com\/wp-content\/uploads\/2026\/02\/gel-aloe-vera-copie.webp","type":"image\/webp"}],"twitter_card":"summary_large_image","schema":{"@context":"https:\/\/schema.org","@graph":[{"@type":"WebPage","@id":"https:\/\/www.vera-nature.com\/product\/gel-aloe-vera\/","url":"https:\/\/www.vera-nature.com\/product\/gel-aloe-vera\/","name":"Gel Aloe Vera - Vera nature","isPartOf":{"@id":"https:\/\/www.vera-nature.com\/#website"},"primaryImageOfPage":{"@id":"https:\/\/www.vera-nature.com\/product\/gel-aloe-vera\/#primaryimage"},"image":{"@id":"https:\/\/www.vera-nature.com\/product\/gel-aloe-vera\/#primaryimage"},"thumbnailUrl":"https:\/\/www.vera-nature.com\/wp-content\/uploads\/2026\/02\/gel-aloe-vera-copie.webp","datePublished":"2026-02-04T12:25:22+00:00","dateModified":"2026-02-04T12:25:23+00:00","breadcrumb":{"@id":"https:\/\/www.vera-nature.com\/product\/gel-aloe-vera\/#breadcrumb"},"inLanguage":"en-GB","potentialAction":[{"@type":"ReadAction","target":["https:\/\/www.vera-nature.com\/product\/gel-aloe-vera\/"]}]},{"@type":"ImageObject","inLanguage":"en-GB","@id":"https:\/\/www.vera-nature.com\/product\/gel-aloe-vera\/#primaryimage","url":"https:\/\/www.vera-nature.com\/wp-content\/uploads\/2026\/02\/gel-aloe-vera-copie.webp","contentUrl":"https:\/\/www.vera-nature.com\/wp-content\/uploads\/2026\/02\/gel-aloe-vera-copie.webp","width":560,"height":570},{"@type":"BreadcrumbList","@id":"https:\/\/www.vera-nature.com\/product\/gel-aloe-vera\/#breadcrumb","itemListElement":[{"@type":"ListItem","position":1,"name":"Accueil","item":"https:\/\/www.vera-nature.com\/"},{"@type":"ListItem","position":2,"name":"Nos produits","item":"https:\/\/www.vera-nature.com\/nos-produits\/"},{"@type":"ListItem","position":3,"name":"Gel Aloe Vera"}]},{"@type":"WebSite","@id":"https:\/\/www.vera-nature.com\/#website","url":"https:\/\/www.vera-nature.com\/","name":"Vera nature","description":"","publisher":{"@id":"https:\/\/www.vera-nature.com\/#organization"},"potentialAction":[{"@type":"SearchAction","target":{"@type":"EntryPoint","urlTemplate":"https:\/\/www.vera-nature.com\/?s={search_term_string}"},"query-input":{"@type":"PropertyValueSpecification","valueRequired":true,"valueName":"search_term_string"}}],"inLanguage":"en-GB"},{"@type":"Organization","@id":"https:\/\/www.vera-nature.com\/#organization","name":"Vera nature","url":"https:\/\/www.vera-nature.com\/","logo":{"@type":"ImageObject","inLanguage":"en-GB","@id":"https:\/\/www.vera-nature.com\/#\/schema\/logo\/image\/","url":"https:\/\/www.vera-nature.com\/wp-content\/uploads\/2023\/02\/logo_vernature.png","contentUrl":"https:\/\/www.vera-nature.com\/wp-content\/uploads\/2023\/02\/logo_vernature.png","width":235,"height":88,"caption":"Vera nature"},"image":{"@id":"https:\/\/www.vera-nature.com\/#\/schema\/logo\/image\/"}}]}},"_links":{"self":[{"href":"https:\/\/www.vera-nature.com\/en\/wp-json\/wp\/v2\/product\/3225","targetHints":{"allow":["GET"]}}],"collection":[{"href":"https:\/\/www.vera-nature.com\/en\/wp-json\/wp\/v2\/product"}],"about":[{"href":"https:\/\/www.vera-nature.com\/en\/wp-json\/wp\/v2\/types\/product"}],"wp:featuredmedia":[{"embeddable":true,"href":"https:\/\/www.vera-nature.com\/en\/wp-json\/wp\/v2\/media\/3226"}],"wp:attachment":[{"href":"https:\/\/www.vera-nature.com\/en\/wp-json\/wp\/v2\/media?parent=3225"}],"wp:term":[{"taxonomy":"product_brand","embeddable":true,"href":"https:\/\/www.vera-nature.com\/en\/wp-json\/wp\/v2\/product_brand?post=3225"},{"taxonomy":"product_cat","embeddable":true,"href":"https:\/\/www.vera-nature.com\/en\/wp-json\/wp\/v2\/product_cat?post=3225"},{"taxonomy":"product_tag","embeddable":true,"href":"https:\/\/www.vera-nature.com\/en\/wp-json\/wp\/v2\/product_tag?post=3225"}],"curies":[{"name":"wp","href":"https:\/\/api.w.org\/{rel}","templated":true}]}}

<p>Ce gel d’Aloe Vera est fabriqué de manière artisanale selon des méthodes traditionnelles pour préserver toutes ses propriétés naturelles. Il est formulé pour soutenir les cheveux fragiles et limiter la chute. Sa richesse en nutriments naturels hydrate le cuir chevelu, fortifie les racines et stimule la croissance capillaire. Utilisé régulièrement, il contribue à des cheveux plus forts, plus sains et visiblement revitalisés.</p>

<p>200 ml</p>
<p>Ce gel d’Aloe Vera, préparé selon un savoir-faire traditionnel, est spécialement conçu pour renforcer les cheveux et réduire leur chute. Il hydrate le cuir chevelu, fortifie les racines et stimule la croissance naturelle des cheveux.</p>

<!-- This site is optimized with the Yoast SEO plugin v27.0 - https://yoast.com/product/yoast-seo-wordpress/ -->
<title>Gel Aloe Vera - Vera nature</title>
<meta name="robots" content="index, follow, max-snippet:-1, max-image-preview:large, max-video-preview:-1" />
<link rel="canonical" href="https://www.vera-nature.com/en/product/gel-aloe-vera/" />
<meta property="og:locale" content="en_GB" />
<meta property="og:type" content="article" />
<meta property="og:title" content="Gel Aloe Vera - Vera nature" />
<meta property="og:description" content="200 ml  Ce gel d’Aloe Vera, préparé selon un savoir-faire traditionnel, est spécialement conçu pour renforcer les cheveux et réduire leur chute. Il hydrate le cuir chevelu, fortifie les racines et stimule la croissance naturelle des cheveux." />
<meta property="og:url" content="https://www.vera-nature.com/en/product/gel-aloe-vera/" />
<meta property="og:site_name" content="Vera nature" />
<meta property="article:modified_time" content="2026-02-04T12:25:23+00:00" />
<meta property="og:image" content="https://www.vera-nature.com/wp-content/uploads/2026/02/gel-aloe-vera-copie.webp" />
	<meta property="og:image:width" content="560" />
	<meta property="og:image:height" content="570" />
	<meta property="og:image:type" content="image/webp" />
<meta name="twitter:card" content="summary_large_image" />
<script type="application/ld+json" class="yoast-schema-graph">{"@context":"https://schema.org","@graph":[{"@type":"WebPage","@id":"https://www.vera-nature.com/product/gel-aloe-vera/","url":"https://www.vera-nature.com/product/gel-aloe-vera/","name":"Gel Aloe Vera - Vera nature","isPartOf":{"@id":"https://www.vera-nature.com/#website"},"primaryImageOfPage":{"@id":"https://www.vera-nature.com/product/gel-aloe-vera/#primaryimage"},"image":{"@id":"https://www.vera-nature.com/product/gel-aloe-vera/#primaryimage"},"thumbnailUrl":"https://www.vera-nature.com/wp-content/uploads/2026/02/gel-aloe-vera-copie.webp","datePublished":"2026-02-04T12:25:22+00:00","dateModified":"2026-02-04T12:25:23+00:00","breadcrumb":{"@id":"https://www.vera-nature.com/product/gel-aloe-vera/#breadcrumb"},"inLanguage":"en-GB","potentialAction":[{"@type":"ReadAction","target":["https://www.vera-nature.com/product/gel-aloe-vera/"]}]},{"@type":"ImageObject","inLanguage":"en-GB","@id":"https://www.vera-nature.com/product/gel-aloe-vera/#primaryimage","url":"https://www.vera-nature.com/wp-content/uploads/2026/02/gel-aloe-vera-copie.webp","contentUrl":"https://www.vera-nature.com/wp-content/uploads/2026/02/gel-aloe-vera-copie.webp","width":560,"height":570},{"@type":"BreadcrumbList","@id":"https://www.vera-nature.com/product/gel-aloe-vera/#breadcrumb","itemListElement":[{"@type":"ListItem","position":1,"name":"Accueil","item":"https://www.vera-nature.com/"},{"@type":"ListItem","position":2,"name":"Nos produits","item":"https://www.vera-nature.com/nos-produits/"},{"@type":"ListItem","position":3,"name":"Gel Aloe Vera"}]},{"@type":"WebSite","@id":"https://www.vera-nature.com/#website","url":"https://www.vera-nature.com/","name":"Vera nature","description":"","publisher":{"@id":"https://www.vera-nature.com/#organization"},"potentialAction":[{"@type":"SearchAction","target":{"@type":"EntryPoint","urlTemplate":"https://www.vera-nature.com/?s={search_term_string}"},"query-input":{"@type":"PropertyValueSpecification","valueRequired":true,"valueName":"search_term_string"}}],"inLanguage":"en-GB"},{"@type":"Organization","@id":"https://www.vera-nature.com/#organization","name":"Vera nature","url":"https://www.vera-nature.com/","logo":{"@type":"ImageObject","inLanguage":"en-GB","@id":"https://www.vera-nature.com/#/schema/logo/image/","url":"https://www.vera-nature.com/wp-content/uploads/2023/02/logo_vernature.png","contentUrl":"https://www.vera-nature.com/wp-content/uploads/2023/02/logo_vernature.png","width":235,"height":88,"caption":"Vera nature"},"image":{"@id":"https://www.vera-nature.com/#/schema/logo/image/"}}]}</script>
<!-- / Yoast SEO plugin. -->

200 ml  Ce gel d’Aloe Vera, préparé selon un savoir-faire traditionnel, est spécialement conçu pour renforcer les cheveux et réduire leur chute. Il hydrate le cuir chevelu, fortifie les racines et stimule la croissance naturelle des cheveux.
